10.
2, 5, 101
What are the prime factors of 4270?
2, 5, 7, 61
List the prime factors of 1341.
3, 149
List the prime factors of 8890.
2, 5, 7, 127
What are the prime factors of 26131?
7, 3733
List the prime factors of 4047.
3, 19, 71
What are the prime factors of 7737?
3, 2579
What are the prime factors of 73459?
73459
What are the prime factors of 557?
557
List the prime factors of 902.
2, 11, 41
What are the prime factors of 1725?
3, 5, 23
What are the prime factors of 12547?
12547
List the prime factors of 31925.
5, 1277
List the prime factors of 13020.
2, 3, 5, 7, 31
What are the prime factors of 2131?
2131
What are the prime factors of 628?
2, 157
List the prime factors of 4163.
23, 181
List the prime factors of 90689.
23, 3943
What are the prime factors of 12351?
3, 23, 179
What are the prime factors of 16502?
2, 37, 223
List the prime factors of 127656.
2, 3, 197
List the prime factors of 130199.
130199
What are the prime factors of 637?
7, 13
List the prime factors of 16978.
2, 13, 653
What are the prime factors of 659?
659
List the prime factors of 10358.
2, 5179
What are the prime factors of 4080?
2, 3, 5, 17
List the prime factors of 2209.
47
List the prime factors of 1460.
2, 5, 73
What are the prime factors of 280?
2, 5, 7
What are the prime factors of 45312?
2, 3, 59
What are the prime factors of 2444?
2, 13, 47
List the prime factors of 12272.
2, 13, 59
List the prime factors of 21655.
5, 61, 71
List the prime factors of 45723.
3, 15241
What are the prime factors of 58232?
2, 29, 251
List the prime factors of 19317.
3, 47, 137
What are the prime factors of 826?
2, 7, 59
List the prime factors of 31391.
31391
What are the prime factors of 16995?
3, 5, 11, 103
List the prime factors of 1428.
2, 3, 7, 17
What are the prime factors of 4347?
3, 7, 23
What are the prime factors of 60?
2, 3, 5
What are the prime factors of 547?
547
What are the prime factors of 1613?
1613
List the prime factors of 11735.
5, 2347
What are the prime factors of 1787?
1787
What are the prime factors of 1927?
41, 47
What are the prime factors of 23567?
23567
What are the prime factors of 1281?
3, 7, 61
What are the prime factors of 3818?
2, 23, 83
What are the prime factors of 2119?
13, 163
What are the prime factors of 11164?
2, 2791
What are the prime factors of 34283?
34283
What are the prime factors of 1099?
7, 157
What are the prime factors of 18624?
2, 3, 97
List the prime factors of 56086.
2, 29, 967
What are the prime factors of 38848?
2, 607
List the prime factors of 7595.
5, 7, 31
What are the prime factors of 14651?
7, 13, 23
List the prime factors of 1523.
1523
What are the prime factors of 51089?
47, 1087
What are the prime factors of 14397?
3, 4799
What are the prime factors of 38546?
2, 19273
List the prime factors of 44195.
5, 8839
What are the prime factors of 2077?
31, 67
What are the prime factors of 10069?
10069
List the prime factors of 1503.
3, 167
List the prime factors of 2723.
7, 389
What are the prime factors of 459?
3, 17
What are the prime factors of 962?
2, 13, 37
What are the prime factors of 1705?
5, 11, 31
List the prime factors of 2827.
11, 257
List the prime factors of 9988.
2, 11, 227
What are the prime factors of 696?
2, 3, 29
List the prime factors of 3182.
2, 37, 43
List the prime factors of 2430.
2, 3, 5
List the prime factors of 509.
509
What are the prime factors of 578?
2, 17
What are the prime factors of 1027?
13, 79
List the prime factors of 911.
911
What are the prime factors of 1947?
3, 11, 59
What are the prime factors of 67376?
2, 4211
List the prime factors of 352.
2, 11
List the prime factors of 2135.
5, 7, 61
List the prime factors of 3636.
2, 3, 101
What are the prime factors of 2693?
2693
List the prime factors of 37623.
3, 12541
What are the prime factors of 589?
19, 31
What are the prime factors of 6733?
6733
List the prime factors of 928.
2, 29
List the prime factors of 30368.
2, 13, 73
What are the prime factors of 2862?
2, 3, 53
List the prime factors of 3415.
5, 683
What are the prime factors of 1347?
3, 449
What are the prime factors of 599?
599
What are the prime factors of 1903?
11, 173
What are the prime factors of 5999?
7, 857
List the prime factors of 46.
2, 23
List the prime factors of 9371.
9371
List the prime factors of 2199.
3, 733
What are the prime factors of 151712?
2, 11, 431
List the prime factors of 1037.
17, 61
What are the prime factors of 10850?
2, 5, 7, 31
List the prime factors of 15534.
2, 3, 863
List the prime factors of 334.
2, 167
What are the prime factors of 4958?
2, 37, 67
List the prime factors of 1673.
7, 239
List the prime factors of 29393.
7, 13, 17, 19
List the prime factors of 16181.
11, 1471
What are the prime factors of 461?
461
List the prime factors of 1646.
2, 823
What are the prime factors of 22251?
3, 7417
List the prime factors of 9133.
9133
List the prime factors of 621.
3, 23
What are the prime factors of 2578?
2, 1289
What are the prime factors of 43752?
2, 3, 1823
List the prime factors of 493.
17, 29
List the prime factors of 1185.
3, 5, 79
List the prime factors of 533.
13, 41
List the prime factors of 21841.
21841
List the prime factors of 11936.
2, 373
List the prime factors of 10811.
19, 569
What are the prime factors of 229?
229
List the prime factors of 1367.
1367
List the prime factors of 14205.
3, 5, 947
What are the prime factors of 57528?
2, 3, 17, 47
List the prime factors of 32558.
2, 73, 223
What are the prime factors of 14178?
2, 3, 17, 139
List the prime factors of 167.
167
List the prime factors of 27770.
2, 5, 2777
What are the prime factors of 9?
3
List the prime factors of 3472.
2, 7, 31
What are the prime factors of 27338?
2, 13669
What are the prime factors of 2132?
2, 13, 41
List the prime factors of 12795.
3, 5, 853
What are the prime factors of 4107?
3, 37
What are the prime factors of 108046?
2, 89, 607
List the prime factors of 12929.
7, 1847
What are the prime factors of 6530?
2, 5, 653
What are the prime factors of 51?
3, 17
List the prime factors of 125663.
53, 2371
List the prime factors of 1304.
2, 163
List the prime factors of 5753.
11, 523
List the prime factors of 34269.
3, 11423
What are the prime factors of 7492?
2, 1873
List the prime factors of 4157.
4157
List the prime factors of 1860.
2, 3, 5, 31
List the prime factors of 9715.
5, 29, 67
List the prime factors of 35140.
2, 5, 7, 251
What are the prime factors of 75539?
75539
What are the prime factors of 21156?
2, 3, 41, 43
What are the prime factors of 8168?
2, 1021
List the prime factors of 64720.
2, 5, 809
List the prime factors of 243.
3
What are the prime factors of 1252?
2, 313
List the prime factors of 248.
2, 31
List the prime factors of 23816.
2, 13, 229
List the prime factors of 956.
2, 239
What are the prime factors of 1464?
2, 3, 61
List the prime factors of 158448.
2, 3, 3301
List the prime factors of 2178.
2, 3, 11
List the prime factors of 2107.
7, 43
List the prime factors of 2106.
2, 3, 13
What are the prime factors of 3285?
3, 5, 73
What are the prime factors of 1903?
11, 173
What are the prime factors of 40362?
2, 3, 7, 31
List the prime factors of 461.
461
List the prime factors of 831.
3, 277
List the prime factors of 19.
19
List the prime factors of 5003.
5003
List the prime factors of 7442.
2, 61
What are the prime factors of 9656?
2, 17, 71
What are the prime factors of 990?
2, 3, 5, 11
What are the prime factors of 1895?
5, 379
List the prime factors of 1242.
2, 3, 23
List the prime factors of 7832.
2, 11, 89
What are the prime factors of 368?
2, 23
List the prime factors of 669.
3, 223
List the prime factors of 109943.
109943
What are the prime factors of 2260?
2, 5, 113
What are the prime factors of 82717?
181, 457
What are the prime factors of 316?
2, 79
List the prime factors of 15914.
2, 73, 109
List the prime factors of 8952.
2, 3, 373
What are the prime factors of 15955?
5, 3191
List the prime factors of 776.
2, 97
What are the prime factors of 40525?
5, 1621
What are the prime factors of 21923?
11, 1993
What are the prime factors of 1487?
1487
What are the prime factors of 15856?
2, 991
What are the prime factors of 16579?
59, 281
List the prime factors of 513.
3, 19
List the prime factors of 14875.
5, 7, 17
What are the prime 